or of 94008523 and 399?
133
What is the highest common factor of 419598480 and 1137?
1137
What is the greatest common factor of 11770 and 47924230?
1070
What is the greatest common divisor of 14489831 and 4739?
677
Calculate the greatest common factor of 28968274 and 313310.
3686
Calculate the greatest common divisor of 11487 and 50169.
21
Calculate the highest common divisor of 7675 and 669175.
25
Calculate the highest common factor of 6616 and 130558490.
1654
What is the greatest common factor of 28588 and 16568788?
4084
What is the greatest common factor of 72782 and 9938971?
151
Calculate the highest common factor of 1115989 and 418648.
1217
What is the greatest common factor of 777 and 1759674?
21
What is the highest common factor of 32657872 and 15760?
3152
What is the greatest common divisor of 15213678 and 1878?
1878
Calculate the greatest common factor of 925 and 16784569.
37
Calculate the highest common factor of 2856 and 2677437.
21
What is the greatest common divisor of 2454 and 3200834?
818
Calculate the greatest common divisor of 675717 and 78246.
483
What is the greatest common factor of 129080908 and 2596?
2596
What is the greatest common factor of 42058 and 21250?
34
What is the highest common divisor of 1531547 and 100487?
391
Calculate the highest common factor of 37094204 and 49504.
476
Calculate the highest common factor of 74 and 80380502.
74
What is the highest common factor of 30493839 and 122?
61
What is the greatest common divisor of 3660 and 13442570?
610
What is the greatest common factor of 10296 and 34567?
13
What is the highest common factor of 133 and 92631973?
133
What is the greatest common factor of 167886 and 6282?
18
Calculate the greatest common factor of 33 and 80339457.
33
What is the greatest common divisor of 64150 and 810?
10
What is the greatest common divisor of 9501462 and 22356?
162
Calculate the highest common divisor of 77248 and 155206.
142
What is the highest common divisor of 8905 and 868530?
65
What is the greatest common factor of 3200 and 102578400?
800
What is the highest common factor of 41420 and 4218300?
2180
Calculate the greatest common factor of 76137 and 18901.
41
What is the greatest common divisor of 598 and 137763974?
46
Calculate the highest common factor of 15270592 and 384.
64
What is the greatest common divisor of 2610 and 294853005?
1305
Calculate the highest common divisor of 1383 and 27503721.
1383
What is the greatest common factor of 6270 and 6236340?
330
What is the highest common factor of 488 and 2305288?
8
What is the highest common divisor of 1527 and 244125053?
509
Calculate the greatest common factor of 91 and 6364007.
13
Calculate the greatest common divisor of 229750 and 36650.
50
Calculate the highest common factor of 15950 and 26288790.
3190
What is the greatest common divisor of 323243685 and 17415?
1935
Calculate the highest common divisor of 6433904 and 3032.
3032
What is the highest common factor of 1 and 45071987?
1
Calculate the greatest common factor of 96 and 24390216.
24
Calculate the greatest common factor of 910 and 8388744.
182
What is the highest common divisor of 370 and 2099430?
10
What is the greatest common divisor of 6669963 and 1485?
9
Calculate the highest common divisor of 1603225 and 4225.
325
What is the greatest common factor of 60 and 37199865?
15
Calculate the highest common divisor of 148896 and 9962073.
4653
Calculate the greatest common factor of 4654 and 5771337.
13
Calculate the greatest common factor of 43 and 3932135.
43
Calculate the highest common divisor of 1307354 and 7443302.
3746
Calculate the greatest common factor of 22 and 4401478.
2
What is the highest common factor of 12901940 and 20?
20
Calculate the highest common factor of 1330834289 and 8121.
2707
Calculate the highest common factor of 17419123 and 11876.
2969
What is the highest common divisor of 14 and 801286?
2
Calculate the highest common factor of 128 and 6208672.
32
Calculate the greatest common factor of 240 and 1137968.
16
Calculate the greatest common factor of 120199950 and 761.
761
Calculate the greatest common factor of 22618470 and 164.
82
Calculate the greatest common factor of 1784309 and 1102.
19
Calculate the greatest common factor of 13302705 and 345.
15
What is the highest common factor of 369 and 38832945?
123
What is the highest common factor of 6884458 and 3388?
14
What is the greatest common divisor of 776160 and 2474640?
5040
What is the greatest common factor of 5020 and 8194397?
251
Calculate the greatest common divisor of 1606085 and 155285.
65
Calculate the highest common factor of 104574 and 5634.
6
Calculate the highest common factor of 1309 and 546329.
119
Calculate the greatest common factor of 6624744 and 20727.
987
What is the highest common divisor of 170 and 219162640?
170
What is the greatest common factor of 18954 and 354276?
234
Calculate the greatest common divisor of 3732533 and 119.
7
Calculate the greatest common divisor of 17490846 and 11728.
1466
Calculate the highest common factor of 192451 and 167852.
1447
What is the greatest common divisor of 54057939 and 54224?
3389
Calculate the greatest common factor of 7735 and 12346845.
595
What is the greatest common factor of 1356 and 86424?
12
What is the greatest common divisor of 10355 and 304958892?
2071
What is the highest common divisor of 41629 and 246644?
313
Calculate the highest common factor of 9187354 and 25418.
358
What is the greatest common factor of 6734 and 95641?
91
What is the greatest common divisor of 12648372 and 59010?
1686
What is the greatest common divisor of 10948 and 1812489?
119
What is the greatest common divisor of 21535 and 88147062?
4307
What is the highest common factor of 11491745 and 255?
85
Calculate the highest common divisor of 608 and 26186.
2
What is the greatest common divisor of 248 and 15649004?
4
Calculate the highest common factor of 120712 and 5816.
8
What is the highest common factor of 105 and 5659455?
15
What is the highest common divisor of 1143 and 2691?
9
What is the highest common divisor of 4104 and 3717768?
456
What is the greatest common divisor of 2189 and 185644712?
2189
Calculate the highest common divisor of 1815 and 3981945.
165
What is the highest common factor of 60795633 and 14151?
267
What is the highest common divisor of 530047973 and 182?
91
Calculate the greatest common divisor of 28989517 and 291.
97
Calculate the greatest common divisor of 79913 and 135962.
157
What is the highest common factor of 191475 and 10934775?
5175
Calculate the highest common factor of 931 and 449270808.
931
What is the greatest common divisor of 15500646 and 1134?
1134
What is the greatest common factor of 36498 and 20230518?
462
What is the highest common factor of 196 and 132436444?
28
Calculate the highest common factor of 94851050 and 42.
14
Calculate the highest common factor of 3741 and 482241.
87
Calculate the highest common divisor of 518 and 1378213.
37
Calculate the highest common factor of 21 and 13045081.
7
Calculate the greatest common factor of 25 and 5185460575.
25
What is the greatest common factor of 988 and 527996092?
988
What is the highest common divisor of 4284 and 464283?
9
What is the highest common factor of 4584585 and 120?
15
Calculate the greatest common divisor of 129765 and 1464315.
615
What is the greatest common divisor of 160 and 668658960?
80
Calculate the highest common divisor of 1904 and 20936832.
112
Calculate the highest common divisor of 16766065 and 170.
5
Calculate the greatest common divisor of 72887 and 17312247.
3169
Calculate the highest common divisor of 193995 and 25410.
15
What is the greatest common factor of 72937264 and 40?
8
What is the greatest common divisor of 442442 and 186626?
374
What is the greatest common factor of 90 and 4148874?
18
What is the greatest common divisor of 257384 and 4064?
8
Calculate the highest common factor of 37888 and 9767936.
1024
What is the highest common divisor of 105478 and 18522854?
4586
Calculate the greatest common factor of 16036 and 44287423.
4009
Calculate the highest common factor of 1092 and 16941366.
78
Calculate the greatest common factor of 3240 and 224920.
40
Calculate the greatest common divisor of 2464 and 687632.
176
Calcu